isor of 100434160 and 200?
40
What is the greatest common factor of 5130 and 14876280?
90
Calculate the highest common divisor of 40322502 and 12078.
198
What is the greatest common divisor of 32052 and 10734?
6
What is the highest common divisor of 220 and 2261620?
20
What is the highest common factor of 9 and 91153737?
9
What is the highest common divisor of 253941597 and 10431?
549
Calculate the greatest common divisor of 9628 and 3627100.
332
What is the greatest common divisor of 4343 and 347827?
43
What is the highest common factor of 142679641 and 3068?
767
What is the greatest common divisor of 150 and 265180560?
30
Calculate the highest common divisor of 395 and 87754385.
395
What is the greatest common divisor of 732 and 90348?
12
Calculate the greatest common divisor of 1766 and 1071079.
883
Calculate the highest common divisor of 8982171 and 792.
99
Calculate the highest common divisor of 68568 and 4248.
24
Calculate the greatest common divisor of 11189 and 10037538.
67
What is the greatest common divisor of 439287 and 205797?
543
Calculate the highest common divisor of 1357606 and 1755080.
5162
Calculate the highest common factor of 13343 and 69896699.
1213
What is the highest common factor of 65700 and 925600?
100
What is the highest common divisor of 569610250 and 43000?
10750
Calculate the greatest common divisor of 4503 and 9859911.
237
Calculate the greatest common divisor of 10656 and 435231.
333
What is the highest common factor of 5 and 19547965?
5
Calculate the greatest common factor of 4035 and 1125.
15
What is the highest common divisor of 11550 and 153150900?
1050
What is the greatest common divisor of 46 and 29465921?
23
What is the greatest common factor of 2109 and 555333?
111
What is the greatest common divisor of 15 and 40828065?
15
Calculate the greatest common factor of 32 and 1482904.
8
Calculate the greatest common factor of 592745175 and 1455.
1455
Calculate the greatest common divisor of 273453648 and 44340.
8868
Calculate the greatest common factor of 8048 and 325577816.
4024
Calculate the highest common divisor of 1771 and 1727572.
77
What is the greatest common divisor of 16225 and 159579365?
3245
Calculate the highest common divisor of 217856 and 222.
74
What is the highest common divisor of 568491 and 3201?
33
Calculate the greatest common factor of 542823 and 483.
69
Calculate the greatest common factor of 1347 and 356064184.
449
What is the highest common divisor of 2424 and 631416?
24
What is the greatest common divisor of 1596 and 17774253?
399
What is the greatest common factor of 10 and 260665860?
10
What is the greatest common divisor of 68224746 and 4128?
258
What is the greatest common factor of 670499 and 1333?
1333
What is the highest common divisor of 5773664 and 3068?
52
What is the greatest common divisor of 625208 and 6944?
248
What is the highest common divisor of 345 and 21777780?
345
Calculate the greatest common divisor of 6944 and 20893628.
868
What is the highest common divisor of 4 and 6365668?
4
Calculate the highest common factor of 204 and 3611038.
34
Calculate the highest common divisor of 2315571 and 22977.
2553
What is the highest common factor of 28277037 and 954?
477
What is the highest common factor of 331128 and 6800388?
6132
What is the greatest common factor of 592881 and 100989?
687
Calculate the highest common divisor of 141 and 165414996.
141
Calculate the highest common divisor of 15405 and 37965.
15
Calculate the highest common factor of 37596 and 44564.
52
Calculate the greatest common divisor of 2020226 and 81965.
169
Calculate the highest common factor of 21 and 21692697.
3
What is the greatest common divisor of 1901270 and 10676?
314
What is the greatest common divisor of 2767659 and 690?
69
Calculate the greatest common factor of 1386 and 4711077.
63
What is the greatest common divisor of 24029951 and 3509?
319
Calculate the highest common divisor of 3708 and 15528486.
618
Calculate the greatest common divisor of 1157 and 37050611.
1157
Calculate the greatest common factor of 10092 and 87359716.
3364
What is the greatest common divisor of 91223018 and 62?
62
What is the highest common divisor of 57177609 and 5487?
93
Calculate the highest common divisor of 8401764 and 14.
14
What is the highest common divisor of 70452 and 8075?
19
Calculate the greatest common factor of 2404998120 and 295.
295
Calculate the greatest common divisor of 10042706 and 6798.
206
Calculate the highest common factor of 6294160 and 56973.
2713
What is the greatest common factor of 1500 and 14399250?
750
Calculate the highest common factor of 18204964 and 38.
38
What is the greatest common divisor of 388144330 and 658?
658
What is the highest common divisor of 87 and 64501887?
87
Calculate the highest common divisor of 16612 and 128204.
4
What is the highest common divisor of 1185 and 19243689?
237
Calculate the greatest common divisor of 26203408 and 17094.
154
Calculate the greatest common divisor of 18304 and 7508072.
1144
Calculate the highest common factor of 959383348 and 44.
44
Calculate the highest common factor of 75815 and 679765.
1285
What is the greatest common factor of 941409 and 945?
189
What is the greatest common factor of 21115850 and 2975?
175
What is the highest common factor of 41583975 and 225?
75
What is the greatest common factor of 16812779 and 1131?
29
Calculate the highest common factor of 2560 and 29029120.
1280
Calculate the highest common divisor of 153350 and 3330.
10
Calculate the greatest common divisor of 3927160 and 240.
40
Calculate the highest common divisor of 130297 and 14964.
29
Calculate the greatest common divisor of 3485 and 793645.
85
What is the highest common factor of 7434 and 97650?
126
Calculate the highest common divisor of 56296935 and 45.
45
What is the greatest common divisor of 5 and 47547505?
5
Calculate the greatest common divisor of 13 and 10004383.
1
Calculate the highest common factor of 198 and 591652842.
66
Calculate the greatest common divisor of 4377 and 26463.
3
What is the highest common divisor of 5 and 33085260?
5
What is the highest common factor of 117216 and 741024?
288
Calculate the highest common factor of 977256 and 26264.
392
What is the greatest common factor of 4340928 and 2346?
138
What is the greatest common divisor of 6118 and 5917436?
266
What is the greatest common factor of 118 and 11190766?
118
What is the greatest common divisor of 104 and 5167890?
26
What is the greatest common divisor of 33019745 and 110?
55
Calculate the greatest common factor of 153252 and 1562517.
297
Calculate the highest common divisor of 95893120 and 1345.
1345
Calculate the highest common divisor of 7387830 and 10350.
2070
Calculate the highest common factor of 2174491025 and 175.
175
What is the greatest common divisor of 120 and 8596230?
30
Calculate the highest common factor of 2 and 2596868.
2
What is the greatest common factor of 65 and 10068425?
5
What is the highest common divisor of 384 and 106674144?
96
Calculate the greatest common factor of 25047 and 602347.
23
Calculate the greatest common divisor of 5976503 and 68.
17
What is the greatest common divisor of 340 and 388348?
68
Calculate the greatest common factor of 19967891 and 3071.
83
Calculate the greatest common factor of 87146041 and 89.
89
What is the highest common factor of 168696 and 17314770?
4686
What is the greatest common factor of 26 and 1962727?
13
What is the greatest common divisor of 265365 and 24615?
45
Calculate the greatest common divisor of 33 and 11773421.
11
What is the highest common divisor of 13424322 and 6?
6
What is the highest common divisor of 216328 and 1372?
28
What is the greatest common factor of 9476 and 2764?
4
What is the greatest common factor of 6025 and 149725?
25
What is the highest common divisor of 93 and 5829321?
3
Calculate the highest common divisor of 252105 and 399595.
1715
Calculate the highest common divisor of 609 and 412020.
21
What is the greatest common divisor of 1606794 and 10463004?
3426
What is the greatest common factor of 132535752 and 552?
552
Calculate the greatest common factor of 99787904 and 128.
128
What is the highest common divisor of 1061499 and 48?
3
What is the highest common factor of 226 a